 highest common divisor of 299 and 91?
13
Calculate the greatest common factor of 100 and 1340.
20
What is the greatest common factor of 504 and 408?
24
Calculate the greatest common divisor of 106 and 5353.
53
What is the highest common divisor of 12 and 8160?
12
What is the greatest common divisor of 1107 and 41?
41
What is the greatest common factor of 195 and 14235?
195
What is the highest common divisor of 10 and 610?
10
What is the highest common factor of 145 and 87?
29
What is the greatest common divisor of 5820 and 97?
97
What is the highest common factor of 3150 and 45?
45
Calculate the highest common factor of 75 and 375.
75
Calculate the greatest common divisor of 2850 and 350.
50
Calculate the highest common divisor of 5198 and 92.
46
What is the greatest common divisor of 42 and 147?
21
Calculate the greatest common factor of 256 and 8.
8
Calculate the greatest common divisor of 100 and 20.
20
Calculate the greatest common factor of 126 and 812.
14
What is the highest common factor of 2052 and 114?
114
Calculate the greatest common divisor of 24 and 408.
24
What is the highest common divisor of 11815 and 85?
85
Calculate the highest common divisor of 14 and 24.
2
Calculate the highest common factor of 256 and 3296.
32
Calculate the greatest common divisor of 374 and 102.
34
What is the greatest common divisor of 768 and 9472?
256
Calculate the greatest common divisor of 320 and 620.
20
Calculate the highest common divisor of 120 and 320.
40
What is the highest common factor of 660 and 135?
15
What is the highest common divisor of 30 and 18610?
10
What is the highest common factor of 2774 and 730?
146
Calculate the highest common divisor of 92 and 23.
23
Calculate the highest common factor of 1131 and 598.
13
What is the greatest common divisor of 268 and 52?
4
What is the highest common factor of 69 and 9?
3
Calculate the greatest common divisor of 132 and 12.
12
What is the highest common divisor of 1000 and 5125?
125
What is the highest common factor of 129 and 4601?
43
What is the highest common factor of 154 and 126?
14
What is the greatest common divisor of 2 and 55?
1
Calculate the highest common factor of 308 and 704.
44
Calculate the greatest common divisor of 380 and 95.
95
Calculate the greatest common divisor of 12521 and 38.
19
What is the highest common divisor of 15 and 8085?
15
What is the highest common divisor of 19 and 3667?
19
Calculate the highest common divisor of 116 and 88.
4
Calculate the greatest common factor of 75 and 12675.
75
Calculate the highest common factor of 23 and 10281.
23
Calculate the greatest common factor of 12 and 25236.
12
Calculate the highest common factor of 9 and 144.
9
What is the highest common factor of 2024 and 5313?
253
What is the greatest common factor of 29116 and 58?
58
What is the greatest common divisor of 287 and 5371?
41
Calculate the highest common factor of 3 and 12.
3
What is the greatest common divisor of 144 and 3?
3
Calculate the highest common divisor of 8 and 88.
8
Calculate the greatest common factor of 10192 and 442.
26
Calculate the greatest common factor of 3 and 8856.
3
What is the highest common factor of 26 and 130?
26
What is the greatest common factor of 650 and 26?
26
Calculate the greatest common factor of 11200 and 300.
100
What is the greatest common factor of 12768 and 1330?
266
Calculate the highest common factor of 400 and 88.
8
Calculate the greatest common factor of 21 and 51387.
21
What is the highest common divisor of 16 and 44?
4
Calculate the greatest common divisor of 5092 and 380.
76
Calculate the greatest common factor of 300 and 1700.
100
What is the highest common divisor of 264 and 3036?
132
What is the greatest common factor of 2112 and 198?
66
Calculate the greatest common divisor of 99 and 11.
11
What is the greatest common divisor of 871 and 469?
67
What is the highest common divisor of 6 and 54?
6
Calculate the highest common divisor of 270 and 2250.
90
Calculate the highest common factor of 10 and 8800.
10
What is the greatest common divisor of 19 and 11989?
19
What is the greatest common factor of 48 and 348?
12
What is the greatest common factor of 12 and 628?
4
What is the highest common factor of 238 and 322?
14
What is the highest common factor of 1937 and 78?
13
What is the greatest common factor of 4429 and 43?
43
Calculate the highest common factor of 119 and 85.
17
Calculate the highest common factor of 5 and 9565.
5
Calculate the greatest common divisor of 179 and 6444.
179
What is the greatest common factor of 1686 and 18?
6
What is the highest common factor of 26672 and 16?
16
What is the highest common factor of 88 and 341?
11
Calculate the highest common factor of 276 and 736.
92
Calculate the highest common divisor of 4 and 436.
4
What is the greatest common factor of 38 and 19?
19
Calculate the greatest common factor of 1 and 37.
1
Calculate the greatest common divisor of 2120 and 106.
106
Calculate the greatest common divisor of 10633 and 31.
31
What is the highest common divisor of 15 and 820?
5
Calculate the highest common divisor of 350 and 42.
14
Calculate the greatest common factor of 68370 and 86.
86
Calculate the highest common factor of 45 and 1035.
45
Calculate the greatest common divisor of 2048 and 64.
64
Calculate the highest common factor of 21 and 336.
21
What is the highest common divisor of 95 and 80?
5
Calculate the greatest common factor of 6680 and 20.
20
Calculate the greatest common factor of 42 and 438.
6
Calculate the greatest common factor of 50 and 3.
1
What is the greatest common factor of 7 and 1358?
7
What is the greatest common divisor of 90 and 162?
18
What is the greatest common factor of 2916 and 252?
36
What is the greatest common divisor of 44 and 12?
4
What is the highest common divisor of 122 and 1281?
61
Calculate the greatest common divisor of 4 and 11.
1
What is the highest common factor of 180 and 135?
45
Calculate the highest common divisor of 15 and 1185.
15
What is the greatest common factor of 742 and 106?
106
What is the highest common divisor of 15 and 195?
15
What is the greatest common divisor of 33 and 1639?
11
What is the greatest common divisor of 4 and 586?
2
What is the highest common factor of 53 and 5353?
53
Calculate the greatest common divisor of 2144 and 402.
134
What is the highest common divisor of 266 and 19?
19
Calculate the greatest common factor of 5184 and 162.
162
Calculate the highest common divisor of 7 and 105.
7
What is the highest common divisor of 1615 and 85?
85
Calculate the highest common factor of 3483 and 1296.
81
Calculate the greatest common factor of 2891 and 49.
49
Calculate the greatest common divisor of 1430 and 429.
143
Calculate the greatest common factor of 1134 and 84.
42
Calculate the highest common factor of 26 and 2522.
26
What is the highest common factor of 737 and 891?
11
What is the greatest common factor of 154 and 242?
22
Calculate the greatest common divisor of 408 and 34068.
204
Calculate the highest common divisor of 155 and 46810.
155
Calculate the greatest common divisor of 2 and 83.
1
What is the greatest common factor of 36 and 4?
4
Calculate the highest common divisor of 10625 and 75.
25
Calculate the greatest common divisor of 62 and 6.
2
What is the highest common factor of 50 and 290?
10
What is the highest common divisor of 5603 and 26?
13
Calculate the greatest common divisor of 1470 and 315.
105
Calculate the greatest common factor of 210 and 2247.
21
Calculate the greatest common factor of 91 and 182.
91
Calculate the highest common divisor of 1 and 8.
1
What is the highest common factor of 16807 and 147?
49
What is the highest common factor of 96 and 1104?
48
What is the highest common factor of 210 and 8400?
210
Calculate the highest common divisor of 32064 and 384.
192
Calculate the highest common divisor of 2491 and 106.
53
Calculate the highest common divisor of 72 and 1272.
24
What is the highest common factor of 174 and 1450?
58
Calculate the highest common divisor of 567 and 315.
63
What is the greatest common divisor of 16950 and 50?
50
What is the greatest common divisor of 850 and 646?
34
What is the highest common divisor of 16 and 184?
8
What is the greatest common divisor of 187 and 51